se
Is 10 a factor of 473?
False
Is 1056 a multiple of 24?
True
Is 7095 a multiple of 43?
True
Is 82 a factor of 10387?
False
Is 72 a factor of 46512?
True
Is 24 a factor of 404?
False
Is 9 a factor of 9585?
True
Is 615 a multiple of 57?
False
Does 114 divide 1710?
True
Does 40 divide 27240?
True
Is 1271 a multiple of 41?
True
Does 14 divide 574?
True
Does 66 divide 2442?
True
Is 33 a factor of 9471?
True
Is 5106 a multiple of 46?
True
Does 40 divide 3400?
True
Is 5400 a multiple of 15?
True
Is 5628 a multiple of 42?
True
Does 95 divide 7597?
False
Does 7 divide 424?
False
Does 42 divide 2940?
True
Is 19210 even?
True
Does 11 divide 1992?
False
Is 30 a factor of 10740?
True
Does 5 divide 3076?
False
Is 77 a factor of 3773?
True
Does 44 divide 5764?
True
Is 2911 a multiple of 41?
True
Is 31219 a multiple of 57?
False
Is 4348 a multiple of 10?
False
Does 18 divide 1458?
True
Is 5 a factor of 1935?
True
Is 54 a factor of 378?
True
Is 8 a factor of 2608?
True
Does 28 divide 16910?
False
Does 19 divide 7312?
False
Is 350 a multiple of 3?
False
Is 3 a factor of 130?
False
Does 22 divide 2904?
True
Is 19 a factor of 17119?
True
Does 35 divide 701?
False
Is 588 a multiple of 98?
True
Does 22 divide 89195?
False
Is 696 a multiple of 15?
False
Does 57 divide 1393?
False
Is 2437 a multiple of 11?
False
Is 96 a multiple of 32?
True
Is 13536 a multiple of 16?
True
Is 1816 a multiple of 2?
True
Does 8 divide 3160?
True
Is 18 a factor of 94841?
False
Does 3 divide 11694?
True
Is 4033 a multiple of 21?
False
Does 29 divide 14674?
True
Is 9 a factor of 1566?
True
Is 8 a factor of 10448?
True
Is 108 a factor of 13500?
True
Is 82 a factor of 93316?
True
Does 27 divide 297?
True
Is 809 a multiple of 17?
False
Does 47 divide 26132?
True
Is 144125 a multiple of 60?
False
Does 161 divide 80258?
False
Is 11 a factor of 2255?
True
Is 384 a multiple of 8?
True
Is 2786 a multiple of 9?
False
Does 6 divide 1198?
False
Is 510 a multiple of 13?
False
Is 4605 a multiple of 10?
False
Is 50 a factor of 24551?
False
Is 20448 a multiple of 9?
True
Is 5 a factor of 330?
True
Is 10177 a multiple of 19?
False
Is 31 a factor of 961?
True
Is 130 a factor of 8320?
True
Is 11 a factor of 24539?
False
Is 40872 a multiple of 262?
True
Is 128 a factor of 74624?
True
Does 15 divide 1080?
True
Is 264 a multiple of 18?
False
Is 69 a factor of 15042?
True
Is 34 a factor of 544?
True
Is 48986 a multiple of 14?
True
Is 420 a multiple of 19?
False
Does 132 divide 1508?
False
Does 10 divide 12040?
True
Is 6322 a multiple of 50?
False
Does 111 divide 22755?
True
Does 11 divide 4760?
False
Does 26 divide 265?
False
Is 12 a factor of 359?
False
Is 17 a factor of 29440?
False
Does 99 divide 2178?
True
Does 98 divide 1915?
False
Is 6341 a multiple of 17?
True
Does 5 divide 223?
False
Is 32873 a multiple of 119?
False
Does 34 divide 30430?
True
Is 64 a factor of 1856?
True
Is 28 a factor of 3864?
True
Does 6 divide 12?
True
Is 487 a multiple of 4?
False
Is 23 a factor of 3841?
True
Does 99 divide 27324?
True
Is 663 a multiple of 77?
False
Does 11 divide 1129?
False
Does 110 divide 15138?
False
Is 639 a multiple of 6?
False
Does 2 divide 10823?
False
Does 6 divide 674?
False
Does 6 divide 35543?
False
Is 111 a factor of 40976?
False
Is 32 a factor of 1984?
True
Is 7 a factor of 1769?
False
Does 12 divide 495?
False
Does 56 divide 336?
True
Is 1552 even?
True
Does 21 divide 84?
True
Does 13 divide 37009?
False
Is 1920 a multiple of 20?
True
Does 17 divide 2031?
False
Is 6520 a multiple of 8?
True
Is 6 a factor of 270?
True
Does 18 divide 13593?
False
Is 23 a factor of 736?
True
Is 8 a factor of 5790?
False
Is 87 a factor of 1914?
True
Does 4 divide 1108?
True
Is 16 a factor of 1984?
True
Is 3 a factor of 475?
False
Does 54 divide 19818?
True
Does 9 divide 39030?
False
Is 436 a multiple of 4?
True
Is 206 a multiple of 9?
False
Is 6 a factor of 9324?
True
Does 11 divide 363?
True
Is 826 a multiple of 12?
False
Does 56 divide 273?
False
Is 9 a factor of 5157?
True
Does 33 divide 5676?
True
Is 52 a factor of 12688?
True
Does 26 divide 3354?
True
Is 30246 a multiple of 23?
False
Is 4701 a multiple of 51?
False
Is 17940 a multiple of 52?
True
Is 195 a multiple of 5?
True
Does 20 divide 2273?
False
Is 7793 a multiple of 180?
False
Does 24 divide 912?
True
Does 68 divide 1224?
True
Is 18649 a multiple of 176?
False
Does 3 divide 1615?
False
Does 69 divide 3232?
False
Is 68 a factor of 35739?
False
Is 147 a multiple of 6?
False
Is 1749 a multiple of 59?
False
Is 1692 a multiple of 36?
True
Is 150 a multiple of 15?
True
Does 165 divide 18285?
False
Does 16 divide 2913?
False
Is 91420 a multiple of 14?
True
Does 7 divide 231?
True
Is 1427 a multiple of 19?
False
Does 54 divide 1715?
False
Does 18 divide 62840?
False
Is 1039 a multiple of 24?
False
Is 25622 a multiple of 23?
True
Does 5 divide 154?
False
Is 13806 a multiple of 13?
True
Is 14 a factor of 1034?
False
Does 18 divide 25140?
False
Is 117 a factor of 11115?
True
Is 3525 a multiple of 30?
False
Is 30 a factor of 1807?
False
Is 4550 a multiple of 13?
True
Is 5 a factor of 160?
True
Is 91 a factor of 91?
True
Is 146 a multiple of 7?
False
Does 35 divide 770?
True
Is 44255 a multiple of 77?
False
Is 4781 a multiple of 121?
False
Is 8 a factor of 48?
True
Is 2017 a multiple of 72?
False
Does 3 divide 292?
False
Is 90 a factor of 921?
False
Does 54 divide 3536?
False
Does 18 divide 271?
False
Is 26956 a multiple of 4?
True
Is 2610 a multiple of 45?
True
Does 5 divide 6659?
False
Is 2 a factor of 72?
True
Is 23600 a multiple of 100?
True
Is 62 a factor of 992?
True
Is 16 a factor of 1051?
False
Does 17 divide 2704?
False
Is 36 a factor of 2163?
False
Is 23 a factor of 178?
False
Is 640 a multiple of 40?
True
Is 3362 a multiple of 246?
False
Is 1944 a multiple of 87?
False
Does 8 divide 104?
True
Is 23 a factor of 1921?
False
Is 35 a factor of 4603?
False
Is 54477 a multiple of 339?
False
Is 96 a factor of 2496?
True
Is 2280 a multiple of 28?
False
Is 11 a factor of 5559?
False
Is 13624 a multiple of 131?
True
Is 164 a multiple of 54?
False
Is 1216 a multiple of 30?
False
Is 15640 a multiple of 23?
True
Is 21 a factor of 23835?
True
Is 10 a factor of 8029?
False
Does 2 divide 15010?
True
Is 17 a factor of 3374?
False
Is 27 a factor of 4050?
True
Is 3 a factor of 1974?
True
Does 24 divide 27024?
True
Is 4662 a multiple of 63?
True
Is 8 a factor of 1364?
False
Is 1404 a multiple of 27?
True
Is 6880 a multiple of 15?
False
Does 302 divide 1208?
True
Does 51 divide 408?
True
Is 4380 a multiple of 5?
True
Does 8 divide 21269?
False
Is 3573 a multiple of 110?
False
Is 127 a factor of 31750?
True
Is 16144 a multiple of 13?
False
Does 61 divide 31300?
False
Is 61 a multiple of 4?
False
Does 18 divide 846?
True
Is 1722 a multiple of 14?
True
Does 32 divide 2064?
False
Is 39 a multiple of 39?
True
Does 14 divide 1024?
False
Is 7600 a multiple of 80?
True
Is 81 a factor of 22275?
True
Is 41570 a multiple of 18?
False
Is 4200 a multiple of 168?
True
Is 13 a factor of 4994?
False
Is 19 a factor of 7638?
True
Is 708 even?
True
Is 164 a multiple of 62?
False
Is 493 a multiple of 2?
False
Does 8 divide 288?
True
Does 30 divide 2155?
False
Is 2853 a multiple of 24?
False
Does 8 divide 1704?
True
Does 6 divide 465?
False
Is 31 a factor of 946?
False
Is 4 a factor of 36?
True
Does 9 divide 387?
True
Does 92 divide 12992?
False
Is 17 a factor of 521?
False
Is 16 a factor of 644?
False
Is 27 a factor of 5461?
False
Is 1605 a multiple of 5?
True
Does 4 divide 25437?
False
Is 2767 a multiple of 10?
False
Is 16280 a multiple of 20?
True
Is 102 a multiple of 28?
False
Does 3 divide 294?
True
Does 8 divide 3001?
False
Is 26 a factor of 7696?
True
Does 4 divide 238?
False
Is 51 a multiple of 2?
False
Does 8 divide 32693?
False
Does 49 divide 716?
False
Is 42 a factor of 7140?
True
Is 4897 a multiple of 59?
True
Is 17 a factor of 782?
True
Is 1069 even?
False
Is 1372 a multiple of 50?
False
Does 117 divide 6318?
True
Does 14 divide 2184?
True
Is 20 a factor of 722?
False
Is 490 a multiple of 7?
True
Does 10 divide 640?
True
Is 1127 a multiple of 23?
True
Does 83 divide 747?
True
Is 1665 a multiple of 9?
True
Is 1761 a multiple of 33?
False
Is 90 a factor of 27135?
False
Is 111 a factor